s the units digit of q(2)?
6
Let t = -64 + 458. Suppose 0 = 3*h + 6*o - 5*o - 1180, 0 = -h - o + t. Suppose 2*v - 72 = v + 2*w, w = -5*v + h. What is the units digit of v?
8
Let a = 34480 + -13628. What is the ten thousands digit of a?
2
Let i = 3 + 55. Suppose -2*m + 52 = -3*c + 316, 0 = -4*c - 3*m + 352. Let a = c - i. What is the units digit of a?
0
Suppose -f + 9853 = -0*x + x, x + 39412 = 4*f. What is the thousands digit of f?
9
Let n(h) be the second derivative of -h**5/20 + h**4/3 + 5*h**3/6 + h**2 + 23*h. Let u be n(5). What is the tens digit of (2/u)/1*37?
3
Let f = 1313 - 728. Suppose -y - 30*z + 25*z = -f, 0 = -2*y - 3*z + 1142. What is the tens digit of y?
6
Suppose 14*x + 0*x = 4970. Suppose x*j - 5550 = 352*j. What is the hundreds digit of j?
8
Let a(k) = -4*k**2 + 27*k - 8. Let i be a(7). Let m(z) be the first derivative of z**3/3 + 15*z**2/2 + 32*z - 1. What is the tens digit of m(i)?
3
Let b = -268 - -364. Suppose -1720 = -100*f + b*f. What is the tens digit of f?
3
Let m = 3455 + 4950. What is the tens digit of m?
0
Suppose 0 = -5*m + 419 - 179. Suppose -16577 = -m*z + 37*z. What is the units digit of z?
7
Let i be 3/(-2) - (-119)/34. Suppose -i*o - 9*o + 3245 = 0. What is the tens digit of o?
9
Let d be 150/42 - 16/28. Suppose 2*f = d*q + 5 - 3, 4*f + 4*q = 44. Suppose -f*r + 914 = -465. What is the hundreds digit of r?
1
Let k be 0/((-7)/(7/(-2))) - 0. Let a be 1/(k + -3 + 10/4). What is the tens digit of (3 + a)*2*27?
5
Suppose -13*w = -17*w + 2156. Suppose b = 2*l - w, -l - b + 271 = -0*l. Let s = -177 + l. What is the units digit of s?
3
Let m(o) = -o**2 + 2*o + 2. Let g be m(3). Let c be -7 + g + 0 - 0. What is the units digit of (1/(-1))/(c/152)?
9
Let b be (-788)/(-16) + 30/40. What is the units digit of -6 + (b - 2) + -3?
9
Let n(u) = 4*u**2 - 16*u - 36. Let a be n(-2). Suppose -955 - 7709 = -a*h. What is the hundreds digit of h?
7
Let w(u) = 2*u - 12. Suppose 5*f = -3*f + 56. Let c be w(f). What is the tens digit of ((-2 + 430)/2)/c?
0
Let l(t) = t**3 - 21*t**2 + 60*t - 43. Let f be l(24). Suppose -3*z + h = 2*z - 3895, 4*z - f = -h. What is the units digit of z?
0
Let b = 8763 + -1329. What is the thousands digit of b?
7
Suppose -696*k = -693*k - 138. Suppose -83*t + k*t = -40219. What is the units digit of t?
7
What is the units digit of 1/(8/50944) + -7?
1
Let y(f) = -2*f - 4. Let k(h) = -h**2 + 9*h - 11. Let v be k(8). Let q be y(v). Suppose 355 = 5*g - 3*w, -q*g + w - 284 = -6*g. What is the tens digit of g?
7
Let c = -818 + 817. Suppose 3*b + 10 = 46. What is the hundreds digit of (b - 9) + 112 + 1*c?
1
Let a = -19155 - -36163. What is the units digit of a?
8
Let x(y) = 6*y + 16. Let o(g) = 7*g + 15. Let w(b) = -5*o(b) + 6*x(b). Let l be w(4). What is the units digit of (-5)/l + 461/5?
2
Let d(a) = a**3 - a + 47. Let v be (404/44 - 2) + (-14)/77. What is the tens digit of d(v)?
8
What is the thousands digit of (9 - 27)/(((-9)/806)/3)?
4
Let m = 61 - 45. Let c(l) = 5 - 4*l - m + 5 - 11*l - 2*l**2. What is the units digit of c(-6)?
2
Let d(v) = 62*v**2 - 13*v + 34. Let t be (-78)/(-81)*3 - 1/(-9). What is the tens digit of d(t)?
5
Let y(u) = -3*u**2 - 4*u**3 - 3*u**2 + 1 + 2*u + 2*u**2 - 4*u. Let m be y(-1). Let h(s) = 22*s - 22. What is the units digit of h(m)?
4
Let g(s) = -26*s**3 + 22*s**2 - 5*s + 20. What is the tens digit of g(-8)?
8
Suppose 7*g - 35688 - 287089 = -0*g. What is the units digit of g?
1
What is the tens digit of 35418 - (21 - 39) - -18?
5
Suppose -3*p + 2*j = -13, -6 - 6 = 2*p + 9*j. Suppose 2*z + 3 - 11 = 0. Suppose z*m - p*m + 5*k - 42 = 0, 45 = m + 2*k. What is the tens digit of m?
4
Let b = -1006 - -4286. What is the hundreds digit of b?
2
Suppose -5*v + 60*v = 2949265. What is the ten thousands digit of v?
5
Let a = -46 - -50. Suppose 5*d + 4 = a. Suppose -10*n + 577 + 143 = d. What is the tens digit of n?
7
Suppose -5*z = -4*i - 112652, 12 - 3 = -3*i. Suppose -7*g = 15*g - z. What is the hundreds digit of g?
0
Let m = 6676 + 2033. What is the units digit of m?
9
Suppose 2*n - 8584 = b, -17*n + 13*n + 5*b = -17168. What is the units digit of n?
2
Suppose -2284 = 5*w + 4*n, -10*n + 5*n - 1820 = 4*w. What is the units digit of w/(-12)*(-6)/(-10)?
3
Let w = 7 - 4. Suppose 0 = 5*p + 3*i - 6, -2*i - w = 3. What is the tens digit of (-2850)/20*(1/p + -1)?
9
Let x = -49 - -75. Suppose 0 = -y - 2*t + 21 + x, 2*t - 206 = -4*y. Let h = y + 37. What is the tens digit of h?
9
Let s = -4402 + 9623. What is the hundreds digit of s?
2
Let s be (1701/(-45))/(1/(-55)). Suppose 0 = 5*u - s - 1091. What is the units digit of u?
4
Suppose 24*x - 179172 = -1596. What is the units digit of x?
9
What is the hundreds digit of (-52)/(-3)*705/10?
2
Suppose -3*m - 4*s = -7721, -3*m + s + 7707 = -2*s. Suppose 101*o + m = 104*o. What is the tens digit of o?
5
Let l = -38 + 31. Let h(n) = n**2 - n + 6. Let t be h(l). Suppose -4*s + 106 = 2*g, s + 2*s - 2*g - t = 0. What is the tens digit of s?
2
Let r(c) = -6850*c - 110. What is the thousands digit of r(-1)?
6
Let v be 3 + (1 - 0) + 1. Suppose v = -12*x + 7*x. What is the tens digit of -4 - -1*(34 - x)?
3
Suppose -g + 5*v = -3957 - 1926, 0 = -2*v + 2. What is the hundreds digit of g?
8
Suppose 4*z + 131481 = 10*z - 213633. What is the tens digit of z?
1
Let d(k) = -k**3 + 5*k**2 + 4*k - 16. Let l be d(5). Suppose l*b = 4*q - 3360, b = 3*b + 2*q + 1696. What is the tens digit of (b/(-4) - 6) + (-6)/2?
0
Let t(q) = 317*q**2 - 22*q - 88. What is the thousands digit of t(-6)?
1
Let d(o) be the first derivative of -o**2 + 23*o + 2. Let l be d(10). Suppose -l*k = -7*k + 156. What is the tens digit of k?
3
Suppose 0 = 4*g - 2*t - 208, -5*g + 4*t = -0*t - 266. Suppose -g = 43*l - 38*l. Let m = 22 - l. What is the tens digit of m?
3
Suppose 4*b - 8 = f + 5, -f = -3*b + 11. Suppose -z - b*q + 169 = 0, 0*q = 4*q. Suppose 17 + z = 2*j. What is the units digit of j?
3
Let f(u) = -274*u + 15456. What is the units digit of f(-196)?
0
Let t(i) = i - 1. Let z(y) = -8*y + 22. Let u(b) = 5*t(b) + z(b). Let s be u(6). What is the units digit of 29 + (0 - s - 4)?
6
Let u = 585 + -284. Let h = -569 + u. Let y = 409 + h. What is the tens digit of y?
4
Let f(q) = -55*q**3 - 4*q**2 - 21*q - 74. What is the hundreds digit of f(-6)?
7
Let b be ((-112)/(-42))/(2/3). Suppose 15*k = 4*c + 13*k - 1228, -b*c + 3*k + 1232 = 0. What is the hundreds digit of c?
3
What is the tens digit of (-90)/75*4090/(-4)?
2
Suppose -16*g - 44*g + 1652340 = 0. What is the thousands digit of g?
7
Suppose -12*g - 7182 = -10*g. What is the hundreds digit of (35/(-2))/(g/(-450) - 8)?
8
Suppose -9*i + 4*i + 10 = 0. Let k be 16/24 - (-331)/3. Suppose -i*g - 13 = -k. What is the tens digit of g?
4
Suppose -7*p + 246998 + 6829 = 14*p. What is the tens digit of p?
8
Let f = 2547 - 198. What is the hundreds digit of f?
3
Let f be 270/(-54) + 39/1. Suppose 0 = -f*d + 43*d - 8496. What is the units digit of d?
4
Suppose 2*k = -3*a - 220, 0 = -2*a - k - 147 - 0. Let z = -6 + a. What is the tens digit of (-4620)/z + 3/(-4)?
5
Let a be -2 - ((1 - 2) + -8)*-3. Let n = -29 - a. What is the tens digit of 473/4 + n + (-3)/(-4)?
1
Suppose 0 = 3*a + 1 - 1. Suppose -4*f - 5*y + 24 = a, 3*f - 4*y + y - 18 = 0. What is the tens digit of f/12 - 286/(-4)?
7
Suppose -13*r = -134616 - 251770. What is the tens digit of r?
2
Let j be (7/14)/(1/34). Suppose 5*u + n + j = 0, -u - 5*n + 31 = -5*u. What is the units digit of 2/u*742/(-7)?
3
Suppose 0 = -370*h + 338*h + 1614624. What is the tens digit of h?
5
Let t(m) = -2*m - 2. Let k be t(3). Let l be 6/k*20/(-5) - -93. What is the tens digit of 1*l/9*(-6)/(-4)?
1
Suppose 2*h - 24*o - 3316 = -20*o, 4*o - 6704 = -4*h. What is the thousands digit of h?
1
Suppose 6593*z = 6624*z - 1891. Suppose 0 = -r + 2*r + 23. Let n = z + r. What is the tens digit of n?
3
Suppose 0 = -4*h - y + 184410, 4*y - 230518 = -4*h - h. What is the hundreds digit of h?
1
Suppose c - 3 = -3*l + 11, c = -2*l + 10. Suppose q - 121 = -4*u, -151 = -u - l*u - q. Suppose -25*w + u*w - 1095 = 0. What is the hundreds digit of w?
2
Let k = -6237 - -3281. What is the hundreds digit of (-6)/21 - (-7 - k/(-7))?
4
Suppose v = 3*s + 7664, 3*v = 17*s - 19*s + 23025. What is the hundreds digit of v?
6
What is the units digit of -6*1160